) to base 13.
0
Convert -1 (base 3) to base 16.
-1
Convert 70 (base 10) to base 7.
130
Convert 23 (base 13) to base 10.
29
1 (base 13) to base 16
1
Convert 1 (base 15) to base 2.
1
What is -3310 (base 4) in base 13?
-15a
Convert -2 (base 13) to base 9.
-2
Convert -9 (base 12) to base 2.
-1001
What is -1101 (base 2) in base 12?
-11
18 (base 9) to base 14
13
Convert 1012 (base 3) to base 14.
24
What is 111 (base 2) in base 7?
10
-4 (base 14) to base 15
-4
What is 6 (base 8) in base 3?
20
Convert d (base 16) to base 5.
23
What is -1 (base 9) in base 8?
-1
Convert -35 (base 13) to base 14.
-32
Convert 1 (base 6) to base 13.
1
Convert -4b (base 15) to base 16.
-47
-2 (base 11) to base 7
-2
What is -3 (base 6) in base 10?
-3
-405 (base 6) to base 14
-a9
-1000100 (base 2) to base 14
-4c
12 (base 5) to base 7
10
Convert -4 (base 16) to base 5.
-4
Convert -10 (base 12) to base 16.
-c
-11 (base 2) to base 15
-3
What is 14 (base 13) in base 6?
25
What is -10 (base 5) in base 14?
-5
Convert -45 (base 7) to base 11.
-30
Convert -44 (base 11) to base 13.
-39
What is -1e (base 16) in base 2?
-11110
Convert 57 (base 15) to base 10.
82
What is -1101 (base 5) in base 11?
-128
What is -2 (base 10) in base 7?
-2
Convert -120 (base 14) to base 10.
-224
5 (base 7) to base 14
5
Convert -1302 (base 6) to base 5.
-2301
What is -8 (base 16) in base 7?
-11
13 (base 8) to base 5
21
100 (base 2) to base 7
4
What is 258 (base 9) in base 2?
11010111
Convert 213 (base 4) to base 7.
54
Convert -11 (base 6) to base 2.
-111
Convert -25 (base 15) to base 7.
-50
-133 (base 4) to base 7
-43
-16 (base 8) to base 2
-1110
Convert -3 (base 13) to base 10.
-3
Convert 0 (base 8) to base 12.
0
Convert 20 (base 5) to base 11.
a
What is -108 (base 12) in base 11?
-129
15 (base 7) to base 13
c
-42 (base 16) to base 11
-60
Convert a8 (base 13) to base 11.
116
2 (base 4) to base 3
2
What is -3 (base 12) in base 16?
-3
-21 (base 9) to base 7
-25
What is -179 (base 11) in base 10?
-207
What is -2 (base 12) in base 16?
-2
Convert 0 (base 9) to base 3.
0
What is -3b (base 13) in base 3?
-1212
-1111110 (base 2) to base 15
-86
13 (base 8) to base 6
15
29 (base 10) to base 7
41
2123 (base 4) to base 8
233
20 (base 14) to base 15
1d
What is 0 (base 14) in base 13?
0
-1030 (base 4) to base 11
-6a
a (base 13) to base 7
13
What is -7 (base 16) in base 14?
-7
2 (base 10) to base 9
2
Convert 166 (base 7) to base 8.
141
-2 (base 6) to base 15
-2
-1f (base 16) to base 3
-1011
Convert -100 (base 3) to base 11.
-9
What is -16 (base 14) in base 16?
-14
What is cb (base 16) in base 9?
245
Convert 0 (base 4) to base 14.
0
88 (base 12) to base 11
95
19 (base 14) to base 2
10111
111 (base 2) to base 3
21
What is 2 (base 10) in base 15?
2
-6 (base 9) to base 5
-11
What is -46 (base 7) in base 8?
-42
Convert 13 (base 7) to base 6.
14
Convert -231 (base 11) to base 13.
-183
3 (base 15) to base 9
3
Convert -10000 (base 2) to base 9.
-17
11 (base 7) to base 14
8
-6 (base 10) to base 12
-6
What is -10102 (base 3) in base 15?
-62
What is -5 (base 14) in base 8?
-5
Convert 0 (base 4) to base 12.
0
Convert 101110 (base 2) to base 8.
56
Convert 3 (base 14) to base 13.
3
Convert 1 (base 8) to base 6.
1
1 (base 12) to base 2
1
What is 18 (base 13) in base 12?
19
Convert 3 (base 15) to base 4.
3
-13 (base 12) to base 7
-21
Convert 9 (base 14) to base 4.
21
What is -35 (base 16) in base 3?
-1222
What is -3 (base 7) in base 3?
-10
12 (base 14) to base 13
13
Convert -2 (base 13) to base 9.
-2
Convert 1 (base 13) to base 16.
1
-2 (base 12) to base 2
-10
Convert 43 (base 10) to base 15.
2d
-23 (base 16) to base 11
-32
What is -20 (base 4) in base 5?
-13
Convert 1131 (base 6) to base 2.
100001111
What is -29 (base 10) in base 4?
-131
Convert -52 (base 8) to base 7.
-60
Convert -101001 (base 2) to base 11.
-38
Convert -17 (base 9) to base 10.
-16
-5 (base 14) to base 15
-5
Convert 3 (base 4) to base 11.
3
12 (base 8) to base 6
14
What is 10 (base 2) in base 13?
2
-11 (base 2) to base 14
-3
What is -1100010 (base 2) in base 10?
-98
What is -45 (base 7) in base 6?
-53
Convert 62 (base 8) to base 12.
42
Convert -2 (base 11) to base 14.
-2
What is -3 (base 9) in base 6?
-3
-3 (base 16) to base 7
-3
What is -101 (base 5) in base 13?
-20
Convert 4 (base 13) to base 4.
10
What is -130 (base 5) in base 7?
-55
-1 (base 2) to base 12
-1
What is -1010101 (base 2) in base 16?
-55
What is 14 (base 5) in base 14?
9
Convert 0 (base 8) to base 13.
0
1 (base 16) to base 6
1
-1 (base 6) to base 5
-1
What is -2 (base 3) in base 16?
-2
What is -11 (base 5) in base 13?
-6
24 (base 7) to base 15
13
Convert 2 (base 13) to base 2.
10
What is 15 (base 16) in base 14?
17
Convert -3 (base 9) to base 8.
-3
What is 5 (base 11) in base 7?
5
What is 54 (base 12) in base 2?
1000000
97 (base 11) to base 14
78
Convert 1 (base 14) to base 2.
1
What is 3 (base 5) in base 6?
3
Convert -40 (base 11) to base 10.
-44
a1 (base 16) to base 9
188
Convert -1 (base 7) to base 15.
-1
What is 8 (base 9) in base 10?
8
11 (base 7) to base 12
8
-1110100 (base 2) to base 12
-98
What is -1021 (base 4) in base 12?
-61
-110 (base 2) to base 4
-12
Convert -204 (base 8) to base 9.
-156
Convert 443 (base 6) to base 14.
c3
What is -42 (base 7) in base 10?
-30
-40 (base 8) to base 12
-28
4 (base 6) to base 10
4
Convert -24 (base 10) to base 2.
-11000
What is -1 (base 10) in base 13?
-1
Convert -4 (base 16) to base 11.
-4
What is -11201 (base 3) in base 4?
-1333
Convert 19 (base 16) to base 8.
31
What is -1110 (base 6) in base 11?
-215
-217 (base 8) to base 13
-b0
26 (base 14) to base 9
37
What is -22 (base 12) in base 2?
-11010
-21221 (base 3) to base 8
-326
What is 1111 (base 4) in base 14?
61
What is 1a4 (base 12) in base 10?
268
Convert 7 (base 15) to base 14.
7
Convert 1 (base 13) to base 10.
1
Convert 2 (base 14) to base 12.
2
What is 1102 (base 3) in base 2?
100110
2 (base 8) to base 9
2
1 (base 2) to base 5
1
What is a (base 14) in base 2?
1010
What is 134 (base 8) in base 12?
78
What is -123 (base 6) in base 5?
-201
What is 15 (base 8) in base 3?
111
What is 1 (base 8) in base 10?
1
-19 (base 13) to base 4
-112
3 (base 11) to base 8
3
Convert -3b (base 13) to base 5.
-200
-4 (base 7) to base 9
-4
Convert -1 (base 13) to base 12.
-1
4 (base 5) to base 15
4
Convert 50 (base 15) to base 10.
75
What is 2 (base 12) in base 11?
2
Convert ac (base 13) to base 16.
8e
What is -20 (base 3) in base 14?
-6
366 (base 7) to base 4
3003
What is 2 (base 9) in base 14?
2
Convert 63 (base 7) to base 4.
231
1 (base 10) to base 16
1
-102 (base 3) to base 7
-14
-2 (base 7) to base 9
-2
-8a (base 11) to base 5
-343
Convert -101 (base 2) to base 8.
-5
-3 (base 16) to base 8
-3
-125 (base 7) to base 16
-44
12011 (base 3) to base 6
351
What is 1001 (base 2) in base 16?
9
-146 (base 9) to base 4
-1323
Convert -202 (base 3) to base 11.
-19
What is -150 (base 8) in base 5?
-404
51 (base 12) to base 11
56
-4 (base 6) to base 14
-4
Convert 1010 (base 3) to base 2.
11110
Convert -3 (base 14) to base 2.
-11
What is -58 (base 10) in base 16?
-3a
What is 11 (base 13) in base 11?
13
What is 0 (base 10) in base 14?
0
What is -2 (base 9) in base 8?
-2
Convert -22 (base 6) to base 11.
-13
Convert -11 (base 8) to base 13.
-9
-225 (base 8) to base 16
-95
5 (base 9) to base 2
101
What is 64 (base 11) in base 16?
46
Convert 101110111 (base 2) to base 10.
375
Convert -102 (base 7) to base 3.
-1220
11 (base 6) to base 16
7
-100 (base 10) to base 7
-202
14 (base 16) to base 9
22
What is 2 (base 6) in base 3?
2
-1221 (base 3) to base 5
-202
Convert 14 (base 15) to base 2.
10011
What is 25 (base 7) in base 13?
16
Convert 2 (base 13) to base 5.
2
What is -11 (base 3) in base 5?
-4
What is 36 (base 7) in base 9?
30
Convert -10 (base 2) to base 12.
-2
What is 7 (base 9) in base 12?
7
22 (base 5) to base 8
14
-e (base 15) to base 4
-32
Convert -3 (base 4) to base 10.
-3
Convert 4 (base 15) to base 5.
4
Convert 21 (base 7) to base 13.
12
Convert 4 (base 14) to base 13.
4
What is -100 (base 3) in base 12?
-9
-7 (base 15) to base 4
-13
What is -32 (base 10) in base 14?
-24
What is bc (base 15) in base 11?
151
Convert -6 (base 13) to base 5.
-11
What is -ba (base 12) in base 11?
-11a
What is 3e (base 16) in base 7?
116
What is 8 (ba